, 17
What are the prime factors of 2601/34*714 + 16?
11, 4967
Let w = -197 + 234. Let q = -30 + w. What are the prime factors of q?
7
What are the prime factors of (-370)/(-11100) - 505409/(-30)?
17, 991
Let o = 74728 - 40548. List the prime factors of o.
2, 5, 1709
Let i = 31349 + 30073. List the prime factors of i.
2, 3, 29, 353
Let c(y) be the third derivative of -y**4/12 + 8*y**3/3 + 30*y**2. Let b be c(20). Let a = b - -30. What are the prime factors of a?
2, 3
Suppose -926983 = -44*b + 697321. What are the prime factors of b?
2, 11, 839
Let j(y) = -2*y**3 - 185*y**2 - 405*y - 362. What are the prime factors of j(-91)?
2, 5, 233
Suppose 45*f - 1809174 - 1522418 = -91*f. What are the prime factors of f?
11, 17, 131
Let o(a) = -a**3 - 6*a**2 + 10*a + 16. Suppose -5*g - 440 = -10*g. Suppose 14*u = 3*u - g. List the prime factors of o(u).
2
Let t(y) = 7*y - 5. Let q be t(1). Suppose -506 + 1704 = q*i. What are the prime factors of i?
599
What are the prime factors of (16/(-48))/(446829/111708 - 4)?
2, 29, 107
Suppose -q - 13 = -0*b - 5*b, 2*b - 2*q - 10 = 0. Suppose 16664 = 11*v + 13166. Suppose 3*i = -2*y + 321, -i - 3*y = b*i - v. List the prime factors of i.
109
Suppose 40*f = 36*f - 4. Let k(h) = 887*h**2 + 4*h. List the prime factors of k(f).
883
Let g(l) = -l**2 - 10*l - 12. Suppose -10 = -2*z, -5*d - z = -13 + 48. Let q be g(d). What are the prime factors of (q/6)/(10/30) + 78?
2, 5
Let c be (2 + 2)*(7638/12 + 8). Let a = -1676 + c. List the prime factors of a.
2, 11, 41
What are the prime factors of 5142 + (-135)/(-45)*(-3)/1?
3, 29, 59
Suppose -21 = -3*d + 3*u - 0*u, 4 = -u. Suppose 4*k - d*k + 299 = -5*m, 228 = -4*m + 2*k. Let l = 7 - m. List the prime factors of l.
2, 3, 11
Let w = -894 - -974. Let p(j) = -j**3 + j**2 + 3*j + 3. Let d be p(4). Let r = w + d. List the prime factors of r.
47
Let v be (20/4 - -1) + -11430. List the prime factors of ((-2)/(-6))/((-14)/v).
2, 17
Suppose 6355 = -5*y + 2*n, n = -5*y - 4*n - 6320. List the prime factors of (-5)/5 - y/3.
2, 211
Let y = 11178 - 2317. What are the prime factors of y?
8861
Suppose 40 = 2*l - 84. Let o = 62 - l. Suppose o*g - 154 = -2*g. What are the prime factors of g?
7, 11
Let s be -6 - 2*155/(-10). Suppose 14*u + 1265 = s*u. What are the prime factors of u?
5, 23
Suppose 4*d + j - 11 = 0, 3*d + 3*j = -j - 8. Suppose -3 = a, -5*a = 5*t + 1082 - 4637. Suppose -r + d*r = t. List the prime factors of r.
2, 7, 17
Suppose -2*o - 81 = 15. What are the prime factors of (32/o)/((-1)/267)?
2, 89
Let i = -285 - -290. Suppose i*b - 2*c = 863, 5*c - 835 = -7*b + 2*b. What are the prime factors of b?
3, 19
Let n(z) be the third derivative of z**6/120 + 13*z**5/60 + z**4/8 - 7*z**3/3 - 56*z**2. What are the prime factors of n(-9)?
283
Suppose 0 = -641*l + 646*l - 50. Suppose -1350 = 4*y - l*y. What are the prime factors of y?
3, 5
Let g be -3 + 3272/88 + 2/(-11). Let b = 166 + g. What are the prime factors of b?
2, 5
Suppose a + 3*o - 11 = o, -4*a + 32 = 4*o. Let b = -3 - -3. Suppose -a*y - 3*j + 450 = b, -y + 6*y - 2*j - 425 = 0. What are the prime factors of y?
3, 29
Let y be (-19 - -37)*(2 - 3). Let x(q) = q**3 + 25*q**2 + 39*q + 41. List the prime factors of x(y).
1607
What are the prime factors of (-529558)/(-12) - 16/(1152/60)?
44129
Let z(l) = l**3 - 15*l**2 - 10*l + 5. Let m(b) = 3*b - 35. Let v be m(17). Let j be z(v). Let f = 125 - j. What are the prime factors of f?
2, 3
Let r = 887 - -1480. List the prime factors of r.
3, 263
Suppose -2*v = 3*v - 3*p + 64, -2*v = -2*p + 28. Let m(u) = -u**2 - 15*u - 18. Let k be m(v). Suppose -118 = -2*l + k. What are the prime factors of l?
2, 3
Let l be -12*(114/24 - 5). Suppose 0 = a + l*c - 1335, 4*a + 3*c + c = 5356. List the prime factors of a.
3, 149
Suppose 2*i = i - 8. Let p(s) = 6*s + 75. List the prime factors of p(i).
3
Let r(t) = -t**3 + 52*t**2 + 23*t - 296. List the prime factors of r(28).
2, 3, 1597
Let s(w) be the first derivative of -19*w**2/2 - 39*w - 27. Let y be s(5). Let d = -79 - y. What are the prime factors of d?
5, 11
Let u(m) be the second derivative of m**5/20 - m**4/2 - m**3/6 - 9*m**2/2 + 19*m. Let p be u(9). Let x = -149 + p. List the prime factors of x.
2, 19
Suppose r = c - 19, 0 = -4*r - 0*r + 4. Let l be (7/(-2))/(10/c). List the prime factors of ((-346)/(-1))/(l/14*-4).
173
Let r(f) = 19*f**2 + 41*f + 525. List the prime factors of r(-13).
3203
Let s = -760 - -762. Suppose -4*b = s*i - 4320, 3*i - 342 = 2*b - 2502. What are the prime factors of b?
2, 3, 5
Let m(h) = 3*h**2 + 39*h + 10. Let y = 86 + -101. List the prime factors of m(y).
2, 5
Let n(s) = 71*s**2 - s + 1. Let p be n(2). Suppose -5*d - q + p = -0*q, 4*q - 220 = -4*d. Suppose 8*u - 7*u - d = 0. List the prime factors of u.
3, 19
Suppose 4*j - 3*d - 7364 = 0, 6*j - 2*d - 6196 - 4840 = 0. What are the prime factors of j?
2, 919
Let a(j) = -5*j**3 - 5*j**2 - 33*j - 195. List the prime factors of a(-5).
2, 5, 47
Let n be -2892 + -1 + (-15)/(-5). Let z = -1406 - n. What are the prime factors of z?
2, 7, 53
Let o(u) = 55*u**2 - 8*u - 39. Let j be o(-9). Let m = j - 2858. List the prime factors of m.
2, 5, 163
Suppose -3021679 = -57*n - 907036. List the prime factors of n.
23, 1613
Suppose 0 = -38*z + 212*z - 852078. What are the prime factors of z?
59, 83
Let u(y) = 2593*y + 197. List the prime factors of u(3).
2, 997
Let z = 9649 - 8365. What are the prime factors of z?
2, 3, 107
Let s(t) = -7*t - 22. Let u be s(-6). Suppose u = 6*l - 4. Suppose 2*b + l*p = 4*b - 246, -4*b - 2*p + 442 = 0. What are the prime factors of b?
113
Let s be 4/34 + 458641/(-1717). Suppose 3*j = -68 + 14. List the prime factors of (-3)/(-18) + s/j.
3, 5
Suppose 1200 = -114*v + 120*v. List the prime factors of v*6/4 - -4.
2, 19
Suppose -1042 = -2*g + 3*k, 5*g + 0*g + 3*k - 2563 = 0. Suppose 5*x = 5*v + 1410, x + 5*v - g + 203 = 0. List the prime factors of x.
7, 41
Suppose -4*o - b = -31342 - 30249, 5*o + 3*b - 76980 = 0. List the prime factors of o.
3, 29, 59
Let y(g) = 13*g + 6*g**3 - 1 - 18*g + 6*g**2 - 5*g. What are the prime factors of y(4)?
439
Let h(a) = 69*a**2 + 10 - 7 - 9*a + 3*a. Let b(x) = -35*x**2 + 3*x - 2. Let k(y) = -7*b(y) - 3*h(y). List the prime factors of k(2).
151
Suppose q + 132 = 2*d - 205, -d + 1721 = -5*q. Let y(v) = -7*v**3 - 12*v**2 + v + 17. Let p be y(-5). Let s = q + p. List the prime factors of s.
2, 11
Suppose 0 = -3*g - 3, 0 = 3*j - g - 62971. List the prime factors of j.
2, 5, 2099
Let t = -71 + 75. Suppose 0 = -4*c - 16, 0 = -0*l + 2*l - t*c + 316. Let m = -82 - l. List the prime factors of m.
2, 3, 7
Suppose 3*m - 7 = -4*q, -4*q + 13 - 3 = 2*m. Let s = 380 - 376. Suppose q*c + 5*a = 146 + 175, 0 = s*c + 4*a - 316. List the prime factors of c.
2, 37
Suppose 0 = 2*y - 5*q - 6491, -4*y + 4*q - 8359 = -21371. List the prime factors of y.
2, 3, 181
Let w be (8/14)/(-2) - 760/(-14). Suppose -125 = -z - w. List the prime factors of z.
71
Let y(w) = 7*w - 17 + 15 + 50 - 8 + 122. What are the prime factors of y(8)?
2, 109
Suppose 7*z - 46892 = 14279 + 41715. List the prime factors of z.
2, 7349
Suppose -38 - 34 = -3*z. Suppose -5*y + 8*y = z. Suppose -h = y - 54. List the prime factors of h.
2, 23
Suppose -2*j - 4*c + 2529 = 377, 5*c = 20. List the prime factors of j.
2, 3, 89
Suppose -192717 = -35*f + 12*f. List the prime factors of f.
3, 7, 19
Let y = 108 + -1178. Let l = -601 - y. List the prime factors of l.
7, 67
Let d = 202 - 200. Suppose -w + 5 - 2 = 0. Suppose -4*a + 71 = 3*k, w*a + d*a = -3*k + 76. What are the prime factors of k?
17
Suppose -16413 = -1742*n + 1739*n. What are the prime factors of n?
5471
List the prime factors of (-2 + -3 - -5*(-32)/(-40))*-4219.
4219
Suppose 2*l - 12360 = 4*q, -q + 9 - 11 = 0. List the prime factors of l.
2, 193
Let k = 3212 + 384. List the prime factors of k.
2, 29, 31
Let o(m) = -6*m + 15. Let s be o(13). Let z = s + 66. Suppose t = -4*y + 4*t + 221, -t - 167 = -z*y. List the prime factors of y.
2, 7
Let p be 62/14 - 8/(-14). Suppose 4*i = p*i - 3*w - 274, 0 = -3*w - 12. Suppose i = 4*a - 0*h - 5*h, 4*a - 2*h - 256 = 0. List the prime factors of a.
3, 7
Suppose 2*f + 2*d - 101 + 5 = 0, -d = -3*f + 152. Let y = -11 - -43. Let n = f - y. List the prime factors of n.
2, 3
Suppose -37*u + 24 = -25*u. Sup